{"id":12,"date":"2025-05-03T07:00:34","date_gmt":"2025-05-03T07:00:34","guid":{"rendered":"https:\/\/ghwservices.com\/?page_id=12"},"modified":"2026-03-19T03:34:31","modified_gmt":"2026-03-19T09:34:31","slug":"inicio","status":"publish","type":"page","link":"https:\/\/dissacorp.com\/","title":{"rendered":"Inicio"},"content":{"rendered":"\n<p class=\"has-black-color has-luminous-vivid-orange-background-color has-text-color has-background has-link-color wp-elements-d97175da0dcec784c6d836fce69deebd\" style=\"font-size:27px\"><strong>Parroquia de La Santa Vera Cruz y Rector\u00eda de San Juan de Dios CDMX<\/strong>.<br>Parroquia de la Santa Veracruz fundada en 1563 y Rector\u00eda de San Juan de Dios fundada en 1734, parte de la Arquidi\u00f3cesis Primada de M\u00e9xico<\/p>\n\n\n\n<p class=\"has-black-color has-text-color has-link-color wp-elements-e1c957d9823d87dc44fe75a9309346d0\" style=\"font-size:20px\">La&nbsp;<strong>Iglesia de Santa Veracruz&nbsp;<\/strong>, es un templo&nbsp;<a href=\"https:\/\/es.wikipedia.org\/wiki\/Cat%C3%B3lico\">cat\u00f3lico<\/a>&nbsp;ubicado en la plaza de la Santa Veracruz de la&nbsp;<a href=\"https:\/\/es.wikipedia.org\/wiki\/Colonia_Guerrero\">colonia Guerrero<\/a>&nbsp;de la&nbsp;<a href=\"https:\/\/es.wikipedia.org\/wiki\/Ciudad_de_M%C3%A9xico\">Ciudad de M\u00e9xico<\/a>, en la&nbsp;<a href=\"https:\/\/es.wikipedia.org\/wiki\/Delegaci%C3%B3n_Cuauht%C3%A9moc\">Alcald\u00eda Cuauht\u00e9moc<\/a>. Se encuentra dentro del per\u00edmetro del&nbsp;<a href=\"https:\/\/es.wikipedia.org\/wiki\/Centro_Hist%C3%B3rico_de_la_Ciudad_de_M%C3%A9xico\">Centro Hist\u00f3rico de la Ciudad de M\u00e9xico<\/a>&nbsp;y es una de las instituciones religiosas m\u00e1s antiguas de la ciudad. Fue fundada en el siglo&nbsp;XVI&nbsp;y modificada y reconstruida en los siglos&nbsp;XVII&nbsp;y&nbsp;XVIII.<\/p>\n\n\n\n<p class=\"has-link-color wp-elements-bb6483dfb125c168702a0964c89ef5e8\" style=\"font-size:20px\"><\/p>\n\n\n\n<p class=\"has-text-align-left has-black-color has-text-color has-link-color wp-elements-71c1588eef222c5ed755d5cea8c943bb\" style=\"font-size:20px\">M\u00e1s famosa hoy en d\u00eda por las im\u00e1genes del&nbsp;<em>Cristo de los siete velos&nbsp;<\/em>y&nbsp;<em>la Virgen de los Remedios,&nbsp;<\/em>es una majestuosa iglesia, con obras de arte, legado hist\u00f3rico y una misteriosa tranquilidad que emana al estar dentro de ella. <\/p>\n\n\n\n<p class=\"has-text-align-left has-black-color has-text-color has-link-color wp-elements-67488e5c5b9529494c80d5126904b692\" style=\"font-size:20px\">Para los visitantes del cercano&nbsp;<a href=\"https:\/\/mexicocity.cdmx.gob.mx\/venues\/franz-mayer-museum-museo-franz-mayer\/\">Museo Franz Mayer<\/a>&nbsp;y el&nbsp;<a href=\"https:\/\/mexicocity.cdmx.gob.mx\/venues\/museo-nacional-de-la-estampa\/\">Museo Nacional de la Estampa<\/a>,<strong>&nbsp;<\/strong>bien vale la pena visitarla, pues es&nbsp;una parada r\u00e1pida.<\/p>\n\n\n\n<figure class=\"wp-block-image size-full\"><img loading=\"lazy\" decoding=\"async\" width=\"899\" height=\"641\" src=\"https:\/\/dissacorp.com\/wp-content\/uploads\/2026\/03\/SVC-H.jpg\" alt=\"\" class=\"wp-image-325\" srcset=\"https:\/\/dissacorp.com\/wp-content\/uploads\/2026\/03\/SVC-H.jpg 899w, https:\/\/dissacorp.com\/wp-content\/uploads\/2026\/03\/SVC-H-300x214.jpg 300w, https:\/\/dissacorp.com\/wp-content\/uploads\/2026\/03\/SVC-H-768x548.jpg 768w\" sizes=\"auto, (max-width: 899px) 100vw, 899px\" \/><\/figure>\n\n\n\n<p class=\"has-text-align-left\" style=\"font-size:20px\">El edificio cuenta con fachadas en el oeste, sur y este, con la fachada sur, frente a la calle Hidalgo, como la principal. En el\u00a0<a href=\"https:\/\/es.wikipedia.org\/wiki\/%C3%81bside\">\u00e1bside<\/a>\u00a0est\u00e1 el Cristo de los Siete Velos, que, seg\u00fan la tradici\u00f3n, se le dio a\u00a0<a href=\"https:\/\/es.wikipedia.org\/wiki\/Carlos_I_de_Espa%C3%B1a\">Carlos V<\/a>\u00a0por el Papa\u00a0<a href=\"https:\/\/es.wikipedia.org\/wiki\/Pablo_III\">Pablo III<\/a>. Carlos V lo regal\u00f3 entonces a la Hermandad . Otra imagen importante aqu\u00ed es la\u00a0<a href=\"https:\/\/es.wikipedia.org\/wiki\/Virgen_de_los_Remedios\">Virgen de los Remedios<\/a>, que tambi\u00e9n se conoce como\u00a0<a href=\"https:\/\/es.wikipedia.org\/wiki\/Gachup%C3%ADn\">La Gachupina<\/a>. Recibi\u00f3 el nombre por ser la protectora de los Espa\u00f1oles en M\u00e9xico. La Virgen originalmente ten\u00eda su propio santuario, pero fue tra\u00edda aqu\u00ed para pedir lluvia durante un per\u00edodo de sequ\u00eda, y se qued\u00f3<strong>.<\/strong><\/p>\n\n\n\n<p><\/p>\n","protected":false},"excerpt":{"rendered":"<p>Parroquia de La Santa Vera Cruz y Rector\u00eda de San Juan de Dios CDMX.Parroquia de la Santa Veracruz fundada en 1563 y Rector\u00eda de San Juan de Dios fundada en 1734, parte de la Arquidi\u00f3cesis Primada de M\u00e9xico La&nbsp;Iglesia de Santa Veracruz&nbsp;, es un templo&nbsp;cat\u00f3lico&nbsp;ubicado en la plaza de la Santa Veracruz de la&nbsp;colonia Guerrero&nbsp;de [&hellip;]<\/p>\n","protected":false},"author":1,"featured_media":0,"parent":0,"menu_order":0,"comment_status":"closed","ping_status":"closed","template":"","meta":{"_joinchat":[],"footnotes":""},"class_list":["post-12","page","type-page","status-publish","hentry"],"_links":{"self":[{"href":"https:\/\/dissacorp.com\/index.php\/wp-json\/wp\/v2\/pages\/12","targetHints":{"allow":["GET"]}}],"collection":[{"href":"https:\/\/dissacorp.com\/index.php\/wp-json\/wp\/v2\/pages"}],"about":[{"href":"https:\/\/dissacorp.com\/index.php\/wp-json\/wp\/v2\/types\/page"}],"author":[{"embeddable":true,"href":"https:\/\/dissacorp.com\/index.php\/wp-json\/wp\/v2\/users\/1"}],"replies":[{"embeddable":true,"href":"https:\/\/dissacorp.com\/index.php\/wp-json\/wp\/v2\/comments?post=12"}],"version-history":[{"count":40,"href":"https:\/\/dissacorp.com\/index.php\/wp-json\/wp\/v2\/pages\/12\/revisions"}],"predecessor-version":[{"id":329,"href":"https:\/\/dissacorp.com\/index.php\/wp-json\/wp\/v2\/pages\/12\/revisions\/329"}],"wp:attachment":[{"href":"https:\/\/dissacorp.com\/index.php\/wp-json\/wp\/v2\/media?parent=12"}],"curies":[{"name":"wp","href":"https:\/\/api.w.org\/{rel}","templated":true}]}}