{"id":15,"date":"2025-05-03T07:00:34","date_gmt":"2025-05-03T07:00:34","guid":{"rendered":"https:\/\/ghwservices.com\/?page_id=15"},"modified":"2026-03-19T03:20:53","modified_gmt":"2026-03-19T09:20:53","slug":"promociones","status":"publish","type":"page","link":"https:\/\/dissacorp.com\/index.php\/promociones\/","title":{"rendered":"Historia"},"content":{"rendered":"\n<p class=\"has-black-color has-text-color has-link-color wp-elements-b1a36974c6d8ef456753fa1d252f4180\" style=\"font-size:21px\">Su fundaci\u00f3n se llev\u00f3 a cabo por la archicofrad\u00eda de la Cruz, formada por&nbsp;<a href=\"https:\/\/es.wikipedia.org\/wiki\/Hern%C3%A1n_Cort%C3%A9s\">Hern\u00e1n Cort\u00e9s<\/a>&nbsp;en agradecimiento por haber desembarcado con bien en lo que ahora es el&nbsp;<a href=\"https:\/\/es.wikipedia.org\/wiki\/Puerto_de_Veracruz\">puerto de Veracruz<\/a>&nbsp;en 1519. A esta cofrad\u00eda pertenecieron los miembros de la nobleza por lo que tambi\u00e9n fue conocida como cofrad\u00eda de los caballeros. <\/p>\n\n\n\n<p class=\"has-black-color has-text-color has-link-color wp-elements-5779d32f37bd1c1bd55b5fe718bc849d\" style=\"font-size:21px\">Para mediados del siglo&nbsp;XVI&nbsp;la poblaci\u00f3n espa\u00f1ola de la traza estaba creciendo r\u00e1pidamente, siendo este crecimiento orientado hacia el norte y el poniente de la traza, por ser las mejores zonas, y la parroquia del&nbsp;<a href=\"https:\/\/es.wikipedia.org\/wiki\/Catedral_Metropolitana_de_la_Ciudad_de_M%C3%A9xico\">Sagrario<\/a>&nbsp;result\u00f3 insuficiente ya que era \u00fanica de la ciudad para los espa\u00f1oles, por lo que el 2 de mayo de 1563 se expide una c\u00e9dula real que ordena al virrey&nbsp;<a href=\"https:\/\/es.wikipedia.org\/wiki\/Luis_de_Velasco_y_Ruiz_de_Alarc%C3%B3n\">Luis de Velasco<\/a>&nbsp;y al arzobispo&nbsp;<a href=\"https:\/\/es.wikipedia.org\/wiki\/Alonso_de_Mont%C3%BAfar\">Mont\u00fafar<\/a>&nbsp;la creaci\u00f3n de 4 nuevas parroquias, pero la ciudad no pod\u00eda costear la construcci\u00f3n de estas y los templos disponibles pertenec\u00edan a \u00f3rdenes religiosas por lo que el Virrey y el Arzobispo acudieron a la cofrad\u00eda de Santa Catarina y a la archicofrad\u00eda de la Santa Cruz las cuales hab\u00edan fundado una ermita cada una y se consult\u00f3 con ambas cofrad\u00edas el elevar sus ermitas a la categor\u00eda de parroquias y estas aceptaron con gusto ya que le traer\u00eda prestigio a sus respectivas sedes y en 1568 se crearon las parroquias de la Santa Veracruz y la&nbsp;<a href=\"https:\/\/es.wikipedia.org\/wiki\/Parroquia_de_Santa_Catarina_(Ciudad_de_M%C3%A9xico)\">parroquia de Santa Catarina<\/a>&nbsp;en ambas ermitas, lo que desahog\u00f3 la administraci\u00f3n de las necesidades espirituales para las familias espa\u00f1olas y criollas en las zonas norte y poniente de la Ciudad. <\/p>\n\n\n\n<p class=\"has-black-color has-text-color has-link-color wp-elements-9716b02d33767859bd296f69a9ce5e82\" style=\"font-size:21px\">A mediados del siglo&nbsp;XVIII&nbsp;fue necesario reconstruir el templo, las obras estuvieron a cargo del arquitecto criollo&nbsp;<a href=\"https:\/\/es.wikipedia.org\/wiki\/Ildefonso_de_Iniesta_Bejarano_y_Dur%C3%A1n\">Ildefonso de Iniesta Bejarano<\/a>&nbsp;de 1759 a 1776, a\u00f1o en que se terminaron las torres y las portada lateral, de estilo&nbsp;<a href=\"https:\/\/es.wikipedia.org\/wiki\/Churrigueresco\">churrigueresco<\/a>, mientras que la fachada de la casa parroquial fue realizada por el arquitecto&nbsp;<a href=\"https:\/\/es.wikipedia.org\/wiki\/Lorenzo_Rodr%C3%ADguez\">Lorenzo Rodr\u00edguez<\/a>. <br>En 1796 fue trasladada a esta iglesia la imagen conocida como el Cristo de la Misericordia, proveniente de la&nbsp;<a href=\"https:\/\/es.wikipedia.org\/wiki\/Iglesia_y_Casa_de_la_Misericordia\">Iglesia de la Misericordia<\/a>&nbsp;ubicada en la calle del mismo nombre y que estaba en proceso de demolici\u00f3n por los da\u00f1os que le caus\u00f3 el sismo de 1792. Esta imagen acompa\u00f1aba a los reos en las ejecuciones civiles durante el periodo colonial. Su paradero actual es desconocido.<\/p>\n\n\n\n<p class=\"has-black-color has-text-color has-link-color wp-elements-5eaee35a8123dd1cd7f3d83dca07c877\" style=\"font-size:35px;text-decoration:underline\"><\/p>\n\n\n<div class=\"wp-block-image is-style-default\">\n<figure class=\"alignright size-large is-resized\"><img loading=\"lazy\" decoding=\"async\" width=\"668\" height=\"1024\" src=\"https:\/\/dissacorp.com\/wp-content\/uploads\/2026\/03\/FacadeSVeraCruzCentroDF-668x1024.jpg\" alt=\"\" class=\"wp-image-302\" style=\"width:483px;height:auto\" srcset=\"https:\/\/dissacorp.com\/wp-content\/uploads\/2026\/03\/FacadeSVeraCruzCentroDF-668x1024.jpg 668w, https:\/\/dissacorp.com\/wp-content\/uploads\/2026\/03\/FacadeSVeraCruzCentroDF-196x300.jpg 196w, https:\/\/dissacorp.com\/wp-content\/uploads\/2026\/03\/FacadeSVeraCruzCentroDF-768x1177.jpg 768w, https:\/\/dissacorp.com\/wp-content\/uploads\/2026\/03\/FacadeSVeraCruzCentroDF.jpg 960w\" sizes=\"auto, (max-width: 668px) 100vw, 668px\" \/><figcaption class=\"wp-element-caption\"><strong>Fachada Principal de la Iglesia, Parque de la Santa Vera-Cruz<\/strong><\/figcaption><\/figure>\n<\/div>\n\n\n<p class=\"has-black-color has-text-color has-link-color wp-elements-c15c0bea8110e14a2df749f062ecc121\" style=\"font-size:21px\">Originalmente, el interior de la Iglesia de la Santa Veracruz fue rico y ostentoso; ten\u00eda grandes&nbsp;<a href=\"https:\/\/es.wikipedia.org\/wiki\/Retablos\">retablos<\/a>&nbsp;<a href=\"https:\/\/es.wikipedia.org\/wiki\/Barroco\">barrocos<\/a>&nbsp;hechos con base en maderas preciosas y laminado de oro. Empero, a principios del siglo&nbsp;XX&nbsp;fueron destruidos, de manera que de aquella riqueza s\u00f3lo quedan tenues huellas en la decoraci\u00f3n de las&nbsp;<a href=\"https:\/\/es.wikipedia.org\/wiki\/B%C3%B3veda\">b\u00f3vedas<\/a>&nbsp;de plato que cubren la nave, las cuales conservan&nbsp;<a href=\"https:\/\/es.wikipedia.org\/wiki\/Cenefa\">cenefas<\/a>&nbsp;doradas de&nbsp;<a href=\"https:\/\/es.wikipedia.org\/wiki\/Querubines\">querubines<\/a>&nbsp;elaborados en bulto. La mayor\u00eda de su decoraci\u00f3n interior ha sido modificada, pero sigue siendo el hogar de dos im\u00e1genes importantes: el Cristo de los Siete Velos y la Virgen de los Remedios.<\/p>\n\n\n\n<p class=\"has-black-color has-text-color has-link-color wp-elements-06099baa563e8fceefa311d31af18ed7\" style=\"font-size:21px\">El templo fue severamente da\u00f1ado por el&nbsp;<a href=\"https:\/\/es.wikipedia.org\/wiki\/Terremoto_de_Puebla_de_2017\">terremoto de 2017<\/a>, como consecuencia, fue cerrado al culto y sus torres apuntaladas debido al riesgo de desplome.<\/p>\n\n\n\n<p class=\"has-black-color has-text-color has-link-color wp-elements-09670d6c9549918ea4e56cc40da52361\" style=\"font-size:21px\">El domingo 30 de agosto de 2020 a las 6:30 horas comenz\u00f3 un incendio en la torre norte del templo, la cual se encontraba apuntalada debido al&nbsp;<a href=\"https:\/\/es.wikipedia.org\/wiki\/Terremoto_de_Puebla_de_2017\">sismo de 2017<\/a>, el fuego fue mitigado por el&nbsp;<a href=\"https:\/\/es.wikipedia.org\/wiki\/Heroico_Cuerpo_de_Bomberos_de_la_Ciudad_de_M%C3%A9xico\">cuerpo de bomberos<\/a>&nbsp;a las 8:00 horas. Sin embargo, alrededor de las 16:00 horas, el incendio se reactiv\u00f3, por lo que fue necesaria nuevamente la intervenci\u00f3n de los bomberos, quienes montaron un operativo permanente en el templo. Como consecuencia del incendio, el campanario norte, el&nbsp;<a href=\"https:\/\/es.wikipedia.org\/wiki\/%C3%93rgano_(instrumento_musical)\">\u00f3rgano<\/a>, los vitrales del extremo poniente y un lienzo del siglo&nbsp;XVIII&nbsp;fueron severamente da\u00f1ados.<\/p>\n\n\n\n<figure class=\"wp-block-image size-full is-resized\"><img loading=\"lazy\" decoding=\"async\" width=\"900\" height=\"484\" src=\"https:\/\/dissacorp.com\/wp-content\/uploads\/2026\/03\/iglesia-santa-veracruz-900x484-1.jpg\" alt=\"\" class=\"wp-image-312\" style=\"aspect-ratio:1.8595641646489105;width:766px;height:auto\" srcset=\"https:\/\/dissacorp.com\/wp-content\/uploads\/2026\/03\/iglesia-santa-veracruz-900x484-1.jpg 900w, https:\/\/dissacorp.com\/wp-content\/uploads\/2026\/03\/iglesia-santa-veracruz-900x484-1-300x161.jpg 300w, https:\/\/dissacorp.com\/wp-content\/uploads\/2026\/03\/iglesia-santa-veracruz-900x484-1-768x413.jpg 768w\" sizes=\"auto, (max-width: 900px) 100vw, 900px\" \/><\/figure>\n","protected":false},"excerpt":{"rendered":"<p>Su fundaci\u00f3n se llev\u00f3 a cabo por la archicofrad\u00eda de la Cruz, formada por&nbsp;Hern\u00e1n Cort\u00e9s&nbsp;en agradecimiento por haber desembarcado con bien en lo que ahora es el&nbsp;puerto de Veracruz&nbsp;en 1519. A esta cofrad\u00eda pertenecieron los miembros de la nobleza por lo que tambi\u00e9n fue conocida como cofrad\u00eda de los caballeros. Para mediados del siglo&nbsp;XVI&nbsp;la poblaci\u00f3n [&hellip;]<\/p>\n","protected":false},"author":1,"featured_media":0,"parent":0,"menu_order":0,"comment_status":"closed","ping_status":"closed","template":"","meta":{"_joinchat":[],"footnotes":""},"class_list":["post-15","page","type-page","status-publish","hentry"],"_links":{"self":[{"href":"https:\/\/dissacorp.com\/index.php\/wp-json\/wp\/v2\/pages\/15","targetHints":{"allow":["GET"]}}],"collection":[{"href":"https:\/\/dissacorp.com\/index.php\/wp-json\/wp\/v2\/pages"}],"about":[{"href":"https:\/\/dissacorp.com\/index.php\/wp-json\/wp\/v2\/types\/page"}],"author":[{"embeddable":true,"href":"https:\/\/dissacorp.com\/index.php\/wp-json\/wp\/v2\/users\/1"}],"replies":[{"embeddable":true,"href":"https:\/\/dissacorp.com\/index.php\/wp-json\/wp\/v2\/comments?post=15"}],"version-history":[{"count":36,"href":"https:\/\/dissacorp.com\/index.php\/wp-json\/wp\/v2\/pages\/15\/revisions"}],"predecessor-version":[{"id":323,"href":"https:\/\/dissacorp.com\/index.php\/wp-json\/wp\/v2\/pages\/15\/revisions\/323"}],"wp:attachment":[{"href":"https:\/\/dissacorp.com\/index.php\/wp-json\/wp\/v2\/media?parent=15"}],"curies":[{"name":"wp","href":"https:\/\/api.w.org\/{rel}","templated":true}]}}

<p class="has-black-color has-text-color has-link-color wp-elements-b1a36974c6d8ef456753fa1d252f4180" style="font-size:21px">Su fundación se llevó a cabo por la archicofradía de la Cruz, formada por&nbsp;<a href="https://es.wikipedia.org/wiki/Hern%C3%A1n_Cort%C3%A9s">Hernán Cortés</a>&nbsp;en agradecimiento por haber desembarcado con bien en lo que ahora es el&nbsp;<a href="https://es.wikipedia.org/wiki/Puerto_de_Veracruz">puerto de Veracruz</a>&nbsp;en 1519. A esta cofradía pertenecieron los miembros de la nobleza por lo que también fue conocida como cofradía de los caballeros. </p>



<p class="has-black-color has-text-color has-link-color wp-elements-5779d32f37bd1c1bd55b5fe718bc849d" style="font-size:21px">Para mediados del siglo&nbsp;XVI&nbsp;la población española de la traza estaba creciendo rápidamente, siendo este crecimiento orientado hacia el norte y el poniente de la traza, por ser las mejores zonas, y la parroquia del&nbsp;<a href="https://es.wikipedia.org/wiki/Catedral_Metropolitana_de_la_Ciudad_de_M%C3%A9xico">Sagrario</a>&nbsp;resultó insuficiente ya que era única de la ciudad para los españoles, por lo que el 2 de mayo de 1563 se expide una cédula real que ordena al virrey&nbsp;<a href="https://es.wikipedia.org/wiki/Luis_de_Velasco_y_Ruiz_de_Alarc%C3%B3n">Luis de Velasco</a>&nbsp;y al arzobispo&nbsp;<a href="https://es.wikipedia.org/wiki/Alonso_de_Mont%C3%BAfar">Montúfar</a>&nbsp;la creación de 4 nuevas parroquias, pero la ciudad no podía costear la construcción de estas y los templos disponibles pertenecían a órdenes religiosas por lo que el Virrey y el Arzobispo acudieron a la cofradía de Santa Catarina y a la archicofradía de la Santa Cruz las cuales habían fundado una ermita cada una y se consultó con ambas cofradías el elevar sus ermitas a la categoría de parroquias y estas aceptaron con gusto ya que le traería prestigio a sus respectivas sedes y en 1568 se crearon las parroquias de la Santa Veracruz y la&nbsp;<a href="https://es.wikipedia.org/wiki/Parroquia_de_Santa_Catarina_(Ciudad_de_M%C3%A9xico)">parroquia de Santa Catarina</a>&nbsp;en ambas ermitas, lo que desahogó la administración de las necesidades espirituales para las familias españolas y criollas en las zonas norte y poniente de la Ciudad. </p>



<p class="has-black-color has-text-color has-link-color wp-elements-9716b02d33767859bd296f69a9ce5e82" style="font-size:21px">A mediados del siglo&nbsp;XVIII&nbsp;fue necesario reconstruir el templo, las obras estuvieron a cargo del arquitecto criollo&nbsp;<a href="https://es.wikipedia.org/wiki/Ildefonso_de_Iniesta_Bejarano_y_Dur%C3%A1n">Ildefonso de Iniesta Bejarano</a>&nbsp;de 1759 a 1776, año en que se terminaron las torres y las portada lateral, de estilo&nbsp;<a href="https://es.wikipedia.org/wiki/Churrigueresco">churrigueresco</a>, mientras que la fachada de la casa parroquial fue realizada por el arquitecto&nbsp;<a href="https://es.wikipedia.org/wiki/Lorenzo_Rodr%C3%ADguez">Lorenzo Rodríguez</a>. <br>En 1796 fue trasladada a esta iglesia la imagen conocida como el Cristo de la Misericordia, proveniente de la&nbsp;<a href="https://es.wikipedia.org/wiki/Iglesia_y_Casa_de_la_Misericordia">Iglesia de la Misericordia</a>&nbsp;ubicada en la calle del mismo nombre y que estaba en proceso de demolición por los daños que le causó el sismo de 1792. Esta imagen acompañaba a los reos en las ejecuciones civiles durante el periodo colonial. Su paradero actual es desconocido.</p>



<p class="has-black-color has-text-color has-link-color wp-elements-5eaee35a8123dd1cd7f3d83dca07c877" style="font-size:35px;text-decoration:underline"></p>


<div class="wp-block-image is-style-default">
<figure class="alignright size-large is-resized"><img loading="lazy" decoding="async" width="668" height="1024" src="https://dissacorp.com/wp-content/uploads/2026/03/FacadeSVeraCruzCentroDF-668x1024.jpg" alt="" class="wp-image-302" style="width:483px;height:auto" srcset="https://dissacorp.com/wp-content/uploads/2026/03/FacadeSVeraCruzCentroDF-668x1024.jpg 668w, https://dissacorp.com/wp-content/uploads/2026/03/FacadeSVeraCruzCentroDF-196x300.jpg 196w, https://dissacorp.com/wp-content/uploads/2026/03/FacadeSVeraCruzCentroDF-768x1177.jpg 768w, https://dissacorp.com/wp-content/uploads/2026/03/FacadeSVeraCruzCentroDF.jpg 960w" sizes="auto, (max-width: 668px) 100vw, 668px" /><figcaption class="wp-element-caption"><strong>Fachada Principal de la Iglesia, Parque de la Santa Vera-Cruz</strong></figcaption></figure>
</div>


<p class="has-black-color has-text-color has-link-color wp-elements-c15c0bea8110e14a2df749f062ecc121" style="font-size:21px">Originalmente, el interior de la Iglesia de la Santa Veracruz fue rico y ostentoso; tenía grandes&nbsp;<a href="https://es.wikipedia.org/wiki/Retablos">retablos</a>&nbsp;<a href="https://es.wikipedia.org/wiki/Barroco">barrocos</a>&nbsp;hechos con base en maderas preciosas y laminado de oro. Empero, a principios del siglo&nbsp;XX&nbsp;fueron destruidos, de manera que de aquella riqueza sólo quedan tenues huellas en la decoración de las&nbsp;<a href="https://es.wikipedia.org/wiki/B%C3%B3veda">bóvedas</a>&nbsp;de plato que cubren la nave, las cuales conservan&nbsp;<a href="https://es.wikipedia.org/wiki/Cenefa">cenefas</a>&nbsp;doradas de&nbsp;<a href="https://es.wikipedia.org/wiki/Querubines">querubines</a>&nbsp;elaborados en bulto. La mayoría de su decoración interior ha sido modificada, pero sigue siendo el hogar de dos imágenes importantes: el Cristo de los Siete Velos y la Virgen de los Remedios.</p>



<p class="has-black-color has-text-color has-link-color wp-elements-06099baa563e8fceefa311d31af18ed7" style="font-size:21px">El templo fue severamente dañado por el&nbsp;<a href="https://es.wikipedia.org/wiki/Terremoto_de_Puebla_de_2017">terremoto de 2017</a>, como consecuencia, fue cerrado al culto y sus torres apuntaladas debido al riesgo de desplome.</p>



<p class="has-black-color has-text-color has-link-color wp-elements-09670d6c9549918ea4e56cc40da52361" style="font-size:21px">El domingo 30 de agosto de 2020 a las 6:30 horas comenzó un incendio en la torre norte del templo, la cual se encontraba apuntalada debido al&nbsp;<a href="https://es.wikipedia.org/wiki/Terremoto_de_Puebla_de_2017">sismo de 2017</a>, el fuego fue mitigado por el&nbsp;<a href="https://es.wikipedia.org/wiki/Heroico_Cuerpo_de_Bomberos_de_la_Ciudad_de_M%C3%A9xico">cuerpo de bomberos</a>&nbsp;a las 8:00 horas. Sin embargo, alrededor de las 16:00 horas, el incendio se reactivó, por lo que fue necesaria nuevamente la intervención de los bomberos, quienes montaron un operativo permanente en el templo. Como consecuencia del incendio, el campanario norte, el&nbsp;<a href="https://es.wikipedia.org/wiki/%C3%93rgano_(instrumento_musical)">órgano</a>, los vitrales del extremo poniente y un lienzo del siglo&nbsp;XVIII&nbsp;fueron severamente dañados.</p>



<figure class="wp-block-image size-full is-resized"><img loading="lazy" decoding="async" width="900" height="484" src="https://dissacorp.com/wp-content/uploads/2026/03/iglesia-santa-veracruz-900x484-1.jpg" alt="" class="wp-image-312" style="aspect-ratio:1.8595641646489105;width:766px;height:auto" srcset="https://dissacorp.com/wp-content/uploads/2026/03/iglesia-santa-veracruz-900x484-1.jpg 900w, https://dissacorp.com/wp-content/uploads/2026/03/iglesia-santa-veracruz-900x484-1-300x161.jpg 300w, https://dissacorp.com/wp-content/uploads/2026/03/iglesia-santa-veracruz-900x484-1-768x413.jpg 768w" sizes="auto, (max-width: 900px) 100vw, 900px" /></figure>

<p>Su fundación se llevó a cabo por la archicofradía de la Cruz, formada por&nbsp;Hernán Cortés&nbsp;en agradecimiento por haber desembarcado con bien en lo que ahora es el&nbsp;puerto de Veracruz&nbsp;en 1519. A esta cofradía pertenecieron los miembros de la nobleza por lo que también fue conocida como cofradía de los caballeros. Para mediados del siglo&nbsp;XVI&nbsp;la población [&hellip;]</p>
